n divisor of 84 and y.
12
Let f(o) = -o**3 - 4*o**2 + 6*o - 4. Let i be f(-5). Let t be (0 - i)/(3/2). Let z be (t/(-4))/(3/(-20)). What is the greatest common factor of 50 and z?
10
Suppose -x + 69 = 3*q - 8, 2*x - 162 = 2*q. Let k be 2/(-4)*-34 + -1. What is the highest common divisor of x and k?
16
Let t(k) = 11*k**2 + k - 1. Let n be t(2). Suppose w + 1 = 0, -b - 3*w + 4 + 2 = 0. What is the greatest common divisor of n and b?
9
Let k(v) = -v**3 - 6*v**2 + 2*v + 13. Let b be k(-6). What is the greatest common factor of 7 and b?
1
Let b(a) = 55*a. Suppose -2*r = -5 + 3. Let s be b(r). What is the highest common factor of 11 and s?
11
Let y(g) = -g**3 - 8*g**2 - 19*g - 60. Let l be y(-7). Calculate the highest common factor of 3 and l.
3
Let o(p) be the first derivative of -3 + 1/2*p**2 + 9*p - 1/3*p**3. Let g be o(0). What is the greatest common divisor of 45 and g?
9
Let i(d) = -2*d - 7. Let o be i(-6). Let r = 7 - o. Suppose r*p - 31 = -3. What is the greatest common divisor of p and 112?
14
Let z(f) = f + 7. Suppose 2*q - q - 25 = 3*t, 0 = 5*t - 3*q + 47. Let x be z(t). Suppose x = -c + 6 + 43. What is the highest common factor of c and 7?
7
Let p(a) = a**2 - a - 7. Let t be p(4). Suppose 0*x - t*x = -55. What is the greatest common divisor of x and 22?
11
Let c(w) = -w**3 - 5*w**2 - 6*w - 3. Let i be c(-4). What is the greatest common divisor of 4 and i?
1
Suppose 2*y = -5*x - 15, 0*x - 5*x = -3*y + 15. Suppose y = -0*p + p - 12. Calculate the greatest common divisor of p and 84.
12
Let q be (-2)/(4/8 - 41/74). What is the greatest common divisor of q and 148?
37
Suppose k = 4*k - 33. Calculate the greatest common divisor of k and 33.
11
Let s be 3 - (-1 - -4) - -6. Suppose 0*z - 2*z = -s. Calculate the greatest common factor of z and 2.
1
Let p = 151 + -99. What is the highest common divisor of 78 and p?
26
Let a be (-7 - -2)*(-4 + 0). Suppose -5*r + 19 = -86. Let f = -17 + r. Calculate the greatest common divisor of f and a.
4
Let o be 4/(3/66*2). What is the greatest common divisor of 66 and o?
22
Suppose 15 + 23 = 2*f. Let n(d) = -d + 4. Let o be n(2). Suppose 34 = u - 5*j, -42 = -o*u - 3*j - 13. What is the greatest common divisor of f and u?
19
Let f be (-1 - 1)/(-6)*18. Suppose -2*k + 4*m = -k - 2, -3*m = -f. Calculate the highest common factor of k and 20.
10
Suppose j = -11 - 30. Let m = j + 58. Let z = 2 + m. Calculate the greatest common divisor of 152 and z.
19
Let i = 9 - -10. Calculate the highest common divisor of 133 and i.
19
Suppose 0 = -0*p - p - 1. Let d(c) = -12*c - 25*c + 9*c. Let g be d(p). Calculate the greatest common factor of g and 7.
7
Let m(w) be the first derivative of -w**3/3 + 6*w**2 - w - 2. Let c be m(5). Calculate the highest common factor of c and 51.
17
Let p be 6/(-168)*-7 + 398/8. What is the greatest common factor of p and 60?
10
Let z = 41 + -1. Let f be (-31)/(-4) - 6/(-24). Calculate the highest common divisor of z and f.
8
Let i(s) = s**3 + 5 - 9*s + 7*s**2 + 5*s**2 - 3. Let b be i(-12). What is the greatest common factor of b and 44?
22
Let d(f) = -f**2 + 7*f - 8. Let m be d(6). Let t be (-5)/m*(-8)/(-10). Let g be t/(-3)*(-42)/4. What is the greatest common factor of g and 77?
7
Let m be 2/(-5)*15/3. Let g = m + 4. Suppose g*t - 7 = 15. Calculate the greatest common divisor of 55 and t.
11
Let b(u) = -4*u**3 + 2*u**2 + u. Let s be b(-2). Suppose 62 + s = i. Suppose 44 = 3*j - i. What is the greatest common factor of 16 and j?
16
Let k = 17 + -5. Suppose -b + 2*c = 5, 3*c = 3 + 9. Let i be 1/b - 142/(-6). Calculate the highest common divisor of i and k.
12
Let l(a) = -a**3 + 11*a**2 + 3*a - 2. Let j be l(11). Let k = j + -4. What is the greatest common factor of 3 and k?
3
Let u(k) = -k + 1. Let s be 3*(2/(-6) - 0). Let f be u(s). Suppose 5*y - f*y = 6. What is the greatest common factor of y and 16?
2
Let g(u) = -8*u - 8. Let f be g(-4). Let d = f + -9. Calculate the greatest common factor of d and 135.
15
Let t(y) = -y**3 + 11*y**2 - 12*y + 9. Let c be t(9). Let g be (-2 - 0 - -3)*4. Let h = 13 - g. Calculate the greatest common factor of h and c.
9
Suppose -20 = -4*b, -2*h = -b - 10 - 13. What is the highest common factor of h and 14?
14
Let o be (-36)/8*2/(-3). Suppose -3*c - 2*r = -223, o*c + 3*r = -0*c + 219. Suppose -4 - 18 = -2*z. Calculate the highest common factor of c and z.
11
Suppose -4*g = 5*l - 28, 3*g - 2 - 54 = 5*l. What is the greatest common divisor of g and 3?
3
Let u(a) = -a**3 + 2*a**2 + 120. Let j be u(0). Suppose 5*s + 0*y + 2*y = 81, y = 4*s - 57. What is the greatest common factor of j and s?
15
Let y be (-22 - -12)/((-1)/(-2) - 1). Calculate the greatest common factor of y and 5.
5
Let b be 4 - (-2 - (-4 - -3)). Suppose -2*w + 5*r + 35 = 0, 80 = b*w - 2*r - 3*r. Calculate the highest common divisor of 60 and w.
15
Let f = -124 - -88. Let x = f + 56. What is the greatest common factor of x and 10?
10
Let j be -634*4/(-56) - 2/7. What is the greatest common factor of j and 15?
15
Suppose -4*c = -2*c - 150. Let d = 75 + -45. Calculate the greatest common factor of d and c.
15
Let l = 1 + 8. Let a(m) = 8*m**2 - 4*m + 3. Let w(u) = u**2 + 10*u + 2. Let h be w(-10). Let b be a(h). What is the greatest common factor of b and l?
9
Let w(x) = -13*x + 7. Let f be w(-5). Let s be (-42)/(-3)*(-1)/2. Let z = 16 + s. What is the greatest common factor of z and f?
9
Let i(u) = -2*u + 8. Let t be i(-8). What is the greatest common factor of t and 8?
8
Suppose -22 = -3*x - 5*j, -3*x - 3*j + 26 = j. Let a(b) = 2*b**3 - 4*b**2 + b + 2. Let l be a(4). What is the greatest common factor of l and x?
14
Suppose 2 = -2*f - m + 5*m, 0 = f - m - 2. Suppose -4*x + 8 = 0, -3*l + 105 - 41 = 2*x. What is the highest common factor of f and l?
5
Suppose -34 = -5*h - 2*v, 2*h - v - 7 = 12. Let w = h + -5. Suppose -p - 1 + 2 = 0. Calculate the greatest common divisor of p and w.
1
Suppose 0 = 3*h + 2*b - 15 - 876, 2*h = 3*b + 607. Calculate the highest common factor of 13 and h.
13
Let i(c) be the third derivative of c**5/20 + 5*c**4/24 - c**3/2 - 2*c**2. Let a be i(-4). What is the greatest common factor of a and 225?
25
Suppose 4*t + 22 = 94. Let j = -398 + 596. What is the highest common divisor of t and j?
18
Let j be 4*1 + (5 - 5). Suppose 2*b + 5*g = 3 - 5, -5*g = -4*b + 26. Let l be 66/b - (-2)/(-4). Calculate the highest common factor of l and j.
4
Suppose -c + 2*c - 6 = 0. Let b = -3 + 6. What is the highest common divisor of b and c?
3
Suppose -b + 5 - 1 = -4*n, 3*b = -4*n - 4. Suppose b*w - 19 = -3*w - 5*j, w - 3*j = 11. Calculate the greatest common factor of 56 and w.
8
Let p(d) = -d**2 + 6*d - 4. Let b be p(5). Let o = -1 - -1. Suppose -j - 13 = -3*y - o*j, 5*j = -20. Calculate the highest common divisor of y and b.
1
Let j = 14 + 13. What is the greatest common divisor of j and 216?
27
Suppose q + 6 = -0. Let l = -1 - q. What is the highest common factor of l and 15?
5
Let d = -39 + 54. What is the highest common divisor of d and 15?
15
Suppose p + 4*c - 65 = 27, -c - 193 = -2*p. What is the greatest common factor of 16 and p?
16
Let j(t) = -t**2 + 8*t - 7. Let a be j(3). Let i be ((-16)/(-3))/(2/6). Calculate the greatest common divisor of i and a.
8
Let u = -152 + 175. Calculate the highest common divisor of 161 and u.
23
Let u = 6 + -4. Suppose 0 = 2*p - 2*k + 2, 3*k - 2*k + 11 = -3*p. Let f be (p/(-2))/((-6)/(-8)). What is the greatest common divisor of u and f?
2
Suppose 3*i = 5 + 10. Suppose -i*s + 4*s = -3. Calculate the greatest common factor of 3 and s.
3
Suppose 2*k = -3*p + 164, 4*p - 5*k + 46 = 5*p. What is the greatest common divisor of p and 14?
14
Let b be (-154)/(-35) - 4/10. Suppose -3*w + 100 = -b*k, 3*w + 7*k = 3*k + 116. Calculate the highest common divisor of w and 24.
12
Let v = -13 + 21. Suppose 5*m - 3*g - 360 = 0, 2*g + 2*g = 0. Calculate the greatest common divisor of v and m.
8
Suppose -p = -3*c + 51, 2*p = c - 3*c + 26. Suppose 7*l - c = -2*x + 3*l, 0 = 2*x - 2*l - 10. Calculate the highest common divisor of x and 3.
3
Let x(q) = q**2. Let b be x(-4). Let s = -2 + b. Let t(z) = z**2 - 3*z + 2. Let i be t(3). What is the highest common divisor of s and i?
2
Suppose 5*n + 7 = -4*c, -3*n + 0*n - c = 0. Let a be ((-3)/2)/((-2)/4). Calculate the highest com